nder when n is divided by 10?
9
Let t = -22 - -47. What is the remainder when 73 is divided by t?
23
Let i = -81 + 181. Suppose i + 0 = 4*g. Calculate the remainder when g is divided by 13.
12
Suppose -4*z - 4*v = -124, v + 65 = -0*z + 2*z. Calculate the remainder when 125 is divided by z.
29
Let p(t) = t**3 + t + 50. What is the remainder when p(0) is divided by 26?
24
Let z = -19 - -41. Let n = -21 + z. Calculate the remainder when 1 is divided by n.
0
Let j = -122 - -281. Calculate the remainder when j is divided by 54.
51
Let h = 38 + -33. Calculate the remainder when 7 is divided by h.
2
Suppose 2*w + 2*r = 16, -4*w - 5*r - 6 = -36. Suppose -w = -4*q - q. Calculate the remainder when 3 is divided by q.
1
Suppose -16 = -7*h + 3*h, p - 5*h + 9 = 0. Calculate the remainder when 43 is divided by p.
10
Let w(m) = -2*m - 7. Suppose 21 = -3*j + 5*d, -2*j - 21 = j - 3*d. Calculate the remainder when 18 is divided by w(j).
4
Let y be (-1)/8 + 245/40. Suppose 3*p + 0 = y, x - 2*p - 129 = 0. Calculate the remainder when x is divided by 34.
31
Let w = -4 + 4. Suppose l + l = w. Let v = 4 + l. What is the remainder when 6 is divided by v?
2
Let k be (2 - 1) + -2 + -3. Let u be 3*9 + (-4 - k). Suppose 0 = 4*d + 7 - u. Calculate the remainder when 13 is divided by d.
3
Suppose 0*r = -3*r - o + 104, 0 = -5*o - 20. Calculate the remainder when r is divided by 13.
10
Let t(r) = r**2 + 4. Let g = -6 + 6. Suppose 3*k - 3 + 12 = g. What is the remainder when 38 is divided by t(k)?
12
Let a(p) = -24*p + 202. Calculate the remainder when a(5) is divided by ((-7)/(-2))/((-1)/(-6)).
19
Let p be 2/(-3) + 8/12. Suppose p = -3*q + q + 4. Let g(w) = -w - 8. Calculate the remainder when q is divided by g(-10).
0
Suppose 5*k - 4*b - 221 = 0, 2*b + 20 = -3*b. Suppose -3*y - i + 10 = -2*y, -5*y - i = -54. Calculate the remainder when k is divided by y.
8
Let u = -33 + 46. What is the remainder when 23 is divided by u?
10
Let f be (-764)/(-6) + 4/6. Suppose -f = -0*t - 4*t. Suppose -z = -6*z + 55. Calculate the remainder when t is divided by z.
10
Let j(u) = -10*u - 10. What is the remainder when j(-4) is divided by 16?
14
Suppose -p = -3*p. Suppose 0 = -d + 2*d - 2. Suppose d*u - 2 = -w, p*w = 2*u - 4*w - 2. Calculate the remainder when u is divided by 1.
0
Let a be (-2 - 16)*(0 - 2). Let w = 3 + 0. Suppose 0*r - 3*y = r - a, 42 = r - w*y. Calculate the remainder when r is divided by 20.
19
Let q = 276 - 178. Calculate the remainder when q is divided by 33.
32
Suppose b + 21 = 65. Let l = -27 + b. Calculate the remainder when 33 is divided by l.
16
Suppose 5*p - 8*p + 165 = 0. Calculate the remainder when p is divided by 28.
27
Suppose -a = -3*a + 10, -31 = -2*c - 5*a. Suppose c*f = -0*f. Suppose 3*h + 5 - 20 = f. What is the remainder when h is divided by 3?
2
Let f = 121 + -83. Let s = -25 + f. What is the remainder when s is divided by 8?
5
Let f = 2 + 3. Calculate the remainder when (-2)/(-2)*(f - -10) is divided by 9.
6
Let y = 1 + 2. Let x(c) = -c + 9. What is the remainder when x(7) is divided by 4 + -2*(-2 + y)?
0
Let r = 547 + -182. Let j = -142 + r. Suppose j = 8*x - 3*x - 3*h, -3*x = 5*h - 127. What is the remainder when x is divided by 15?
14
Suppose -8*z + 3*z = -85. Calculate the remainder when 62 is divided by z.
11
Suppose -4*f - 5*r + 43 = -2*f, -5*f = -3*r - 30. Let t be -3*(-2)/18*f. Calculate the remainder when 19 is divided by 10*(3/t + 0).
9
Suppose 2*q - 15 = -5*w, -4*q - 5*w - 13 = -38. What is the remainder when 34 is divided by q?
4
Let t(u) = 19*u**2 - 20*u**2 + u + 9*u. Let l = 0 - -8. What is the remainder when 30 is divided by t(l)?
14
Calculate the remainder when 15 is divided by 0 - (9/18)/(2/(-36)).
6
Let u(t) = 4*t**2 + 5*t + 1. Let y(w) = 3*w**2 + 4*w. Let v(o) = 4*u(o) - 5*y(o). Calculate the remainder when v(6) is divided by 21.
19
Let v be 2/(1 + -3) - -3. Suppose -a = v*a - 6. What is the remainder when 6 is divided by a?
0
Suppose -2*w + 31 = -5*m + w, -5*w = -2*m - 20. Let l = m + 22. Calculate the remainder when 33 is divided by l.
16
Let v(d) = 10*d**2 + 7*d - 5. Let f(a) be the third derivative of a**5/60 + a**4/24 + 5*a**3/6 + a**2. Calculate the remainder when v(2) is divided by f(-4).
15
Suppose 4*d + t - 77 = 127, d = 3*t + 64. Suppose -3*l = -q + d, l = -0*l + 5*q + 6. Let i = l - -39. What is the remainder when i is divided by 11?
9
Let o = 5 - -3. Let p(w) = -4*w**2 - 2*w - 1. Let t(v) = 11*v**2 + 5*v + 2. Let j(z) = o*p(z) + 3*t(z). Calculate the remainder when j(-6) is divided by 14.
12
Let k be -2*2*(1 - -2). Let v = 13 + -17. What is the remainder when 30 is divided by 2/v + (-102)/k?
6
Let o = -85 + 88. Let n = 1 - -2. What is the remainder when n is divided by o?
0
Let y = 1 - 0. Let a be y - (-9)/3 - -1. Let q(l) = l - 1. Calculate the remainder when 14 is divided by q(a).
2
Let l(x) = -3*x + 50. Calculate the remainder when 142 is divided by l(7).
26
Let y(s) be the third derivative of s**6/120 - 7*s**5/60 - s**3/2 - s**2. Let b be y(7). Calculate the remainder when 30 is divided by 94/6 + b/(-9).
14
Let n = 5 + 70. Let v = -37 - -42. Suppose v*q + 5*b = n, -q - q - b + 33 = 0. Calculate the remainder when q is divided by 10.
8
Suppose 4*q - 2*q - 8 = 0. What is the remainder when q is divided by 3?
1
Let i(y) = -3*y. Let t be 4*2*(-1)/(-4). Let b be i(t). Calculate the remainder when (111/(-9))/(2/b) is divided by 13.
11
Suppose -2*j = -j - 2. What is the remainder when (-2)/4 - (-69)/j is divided by 18?
16
Let y(j) = 2*j**2 - j + 21. What is the remainder when y(10) is divided by 53?
52
Let d be -4*2/(-8) + 1. Suppose -3*v + d*r + 53 = 0, -2*r + 3*r = -5*v + 71. What is the remainder when 59 is divided by v?
14
What is the remainder when 12*((-13)/(-4) - 1) is divided by 10?
7
Let k = -2 - -6. Suppose 0 = -k*v + 5*c + 30, -5*v + 5*c + 31 = 2*c. Calculate the remainder when 12 is divided by v.
2
Suppose -22*k + 27*k = 210. Calculate the remainder when k is divided by 15.
12
Let o = 5 + -5. Suppose -f - 2*f + 4*y + 37 = 0, -2*f - 2*y + 48 = o. What is the remainder when f is divided by 7?
5
Suppose -x + 5*q + 54 = 0, -3*x + 4*x + 4*q - 18 = 0. Let w = -23 + x. Calculate the remainder when 20 is divided by w.
9
Let g = 3 + 21. Suppose i = 2*i + q - 8, 12 = 4*q. What is the remainder when g is divided by i?
4
Suppose -3*s + 54 = b - 164, 5*s - 345 = 2*b. Calculate the remainder when s is divided by 18.
17
Let n(h) = 14*h**2 - 2*h. What is the remainder when n(-3) is divided by 34?
30
Suppose 117 = 6*q + 3*q. What is the remainder when 38 is divided by q?
12
Suppose -3*t - 1 = -85. Suppose q - 2*q + 15 = 0. Calculate the remainder when t is divided by q.
13
Let r(w) = -w**2 + 22*w - 73. Let z(n) = -5*n. Calculate the remainder when r(5) is divided by z(-1).
2
Let i = 7 + -4. Let u = i - -2. Suppose -u*t + 20 = 0, -j + 3*t = t - 2. What is the remainder when j is divided by 6?
4
What is the remainder when 2*-1*(-169)/26 is divided by 8?
5
Suppose 0*r = -r + 3. Suppose k - r*k = -40. Calculate the remainder when k is divided by 11.
9
What is the remainder when (3 - (-2 + 1)) + 20 + 1 is divided by 14?
11
Let y = -14 - -40. Suppose -l = 3*b - y, l + 3*l + 2*b - 64 = 0. Calculate the remainder when (-2*7)/((-4)/l) is divided by 17.
15
Let d(j) = -5 + j**3 + 2 - 4*j - 5*j**2 + 9*j. Suppose 2*v - 16 = -2*v. What is the remainder when d(v) is divided by 1?
0
Suppose -5*r + 185 = -0*r. Let q(u) = -9*u**2 - 48*u - 5. Calculate the remainder when r is divided by q(-5).
7
Suppose -3*r + 7*r = n + 64, -32 = -2*r + n. Suppose -2*l + 4 = -g, -5*l = -2*g + 5 - r. Calculate the remainder when ((-2)/(-2))/(3/12) is divided by g.
0
Let s be (-3)/12 + 21/4. Suppose -6 = -s*c + 29. What is the remainder when c is divided by 4?
3
Suppose -2*j = -392 - 390. What is the remainder when j is divided by 56?
55
Suppose 3*n - 4*l - 130 = n, -n = -4*l - 75. What is the remainder when n is divided by 29?
26
Let y(k) = -2*k + 3. What is the remainder when y(-9) is divided by 11?
10
Let v = -4 + 6. Suppose c - 18 = 4*g, -2*c + g + 9 = 2*g. What is the remainder when c is divided by 1*v*(-3 + 5)?
2
Let k = 70 + -50. Suppose 0*w + k = -2*w. What is the remainder when 13 is divided by 4/w - 54/(-10)?
3
Let b = -77 - -14. Suppose 2*w - 31 = 3*t, 